ainder when 964 is divided by 108?
100
Calculate the remainder when 865 is divided by 191.
101
Calculate the remainder when 27 is divided by 3.
0
What is the remainder when 3279 is divided by 81?
39
Calculate the remainder when 122 is divided by 41.
40
What is the remainder when 244 is divided by 81?
1
Calculate the remainder when 128 is divided by 12.
8
Calculate the remainder when 94 is divided by 33.
28
What is the remainder when 932 is divided by 107?
76
What is the remainder when 991 is divided by 71?
68
What is the remainder when 675 is divided by 26?
25
Calculate the remainder when 3649 is divided by 44.
41
Calculate the remainder when 570 is divided by 34.
26
Calculate the remainder when 583 is divided by 13.
11
Calculate the remainder when 1262 is divided by 16.
14
What is the remainder when 89 is divided by 45?
44
Calculate the remainder when 6292 is divided by 203.
202
Calculate the remainder when 255 is divided by 24.
15
Calculate the remainder when 214 is divided by 54.
52
Calculate the remainder when 5461 is divided by 13.
1
What is the remainder when 999 is divided by 50?
49
Calculate the remainder when 65 is divided by 31.
3
What is the remainder when 71 is divided by 3?
2
Calculate the remainder when 1373 is divided by 4.
1
Calculate the remainder when 223 is divided by 69.
16
Calculate the remainder when 625 is divided by 320.
305
Calculate the remainder when 990 is divided by 7.
3
What is the remainder when 279 is divided by 110?
59
Calculate the remainder when 7014 is divided by 23.
22
What is the remainder when 503 is divided by 23?
20
What is the remainder when 72 is divided by 19?
15
What is the remainder when 122 is divided by 16?
10
Calculate the remainder when 1058 is divided by 5.
3
What is the remainder when 1660 is divided by 207?
4
What is the remainder when 2476 is divided by 118?
116
What is the remainder when 34 is divided by 19?
15
What is the remainder when 173 is divided by 50?
23
Calculate the remainder when 76699 is divided by 130.
129
What is the remainder when 17 is divided by 5?
2
What is the remainder when 4481 is divided by 4468?
13
What is the remainder when 719 is divided by 20?
19
Calculate the remainder when 1794 is divided by 58.
54
Calculate the remainder when 312 is divided by 36.
24
Calculate the remainder when 83 is divided by 18.
11
Calculate the remainder when 7749 is divided by 228.
225
What is the remainder when 193 is divided by 65?
63
Calculate the remainder when 81 is divided by 17.
13
What is the remainder when 596 is divided by 10?
6
Calculate the remainder when 917 is divided by 27.
26
What is the remainder when 2272 is divided by 53?
46
What is the remainder when 25 is divided by 15?
10
What is the remainder when 1228 is divided by 16?
12
Calculate the remainder when 1281 is divided by 226.
151
Calculate the remainder when 15933 is divided by 249.
246
What is the remainder when 361 is divided by 13?
10
What is the remainder when 258 is divided by 29?
26
What is the remainder when 213 is divided by 67?
12
What is the remainder when 677 is divided by 22?
17
Calculate the remainder when 34 is divided by 12.
10
Calculate the remainder when 3594 is divided by 29.
27
Calculate the remainder when 133 is divided by 41.
10
What is the remainder when 12179 is divided by 116?
115
Calculate the remainder when 554 is divided by 40.
34
Calculate the remainder when 74 is divided by 4.
2
Calculate the remainder when 3827 is divided by 5.
2
What is the remainder when 142 is divided by 36?
34
What is the remainder when 145 is divided by 4?
1
Calculate the remainder when 10475 is divided by 62.
59
What is the remainder when 261 is divided by 85?
6
What is the remainder when 233 is divided by 125?
108
What is the remainder when 6438 is divided by 57?
54
What is the remainder when 146 is divided by 141?
5
What is the remainder when 197 is divided by 18?
17
Calculate the remainder when 104 is divided by 32.
8
Calculate the remainder when 95 is divided by 32.
31
What is the remainder when 100 is divided by 29?
13
What is the remainder when 1996 is divided by 18?
16
What is the remainder when 97 is divided by 10?
7
Calculate the remainder when 88 is divided by 64.
24
Calculate the remainder when 53 is divided by 4.
1
What is the remainder when 25 is divided by 17?
8
Calculate the remainder when 539 is divided by 134.
3
What is the remainder when 737 is divided by 102?
23
Calculate the remainder when 180 is divided by 13.
11
Calculate the remainder when 81 is divided by 28.
25
What is the remainder when 634 is divided by 163?
145
Calculate the remainder when 5692 is divided by 8.
4
Calculate the remainder when 10976 is divided by 90.
86
What is the remainder when 98 is divided by 19?
3
What is the remainder when 963 is divided by 46?
43
What is the remainder when 373 is divided by 86?
29
Calculate the remainder when 404 is divided by 29.
27
Calculate the remainder when 727 is divided by 56.
55
What is the remainder when 581 is divided by 221?
139
What is the remainder when 107 is divided by 105?
2
What is the remainder when 78 is divided by 21?
15
Calculate the remainder when 252 is divided by 53.
40
Calculate the remainder when 73 is divided by 21.
10
What is the remainder when 222 is divided by 2?
0
What is the remainder when 989 is divided by 306?
71
What is the remainder when 483 is divided by 174?
135
Calculate the remainder when 962 is divided by 88.
82
Calculate the remainder when 308 is divided by 52.
48
What is the remainder when 1766 is divided by 64?
38
Calculate the remainder when 536 is divided by 30.
26
What is the remainder when 1482 is divided by 364?
26
Calculate the remainder when 385 is divided by 97.
94
Calculate the remainder when 1171 is divided by 249.
175
Calculate the remainder when 15 is divided by 9.
6
Calculate the remainder when 143 is divided by 21.
17
Calculate the remainder when 313 is divided by 19.
9
What is the remainder when 1050 is divided by 1044?
6
Calculate the remainder when 137 is divided by 12.
5
What is the remainder when 39367 is divided by 10?
7
Calculate the remainder when 3964 is divided by 1320.
4
Calculate the remainder when 2483 is divided by 27.
26
Calculate the remainder when 1312 is divided by 13.
12
What is the remainder when 384 is divided by 16?
0
What is the remainder when 1275 is divided by 112?
43
Calculate the remainder when 9899 is divided by 36.
35
What is the remainder when 166 is divided by 15?
1
Calculate the remainder when 237 is divided by 17.
16
What is the remainder when 63 is divided by 35?
28
What is the remainder when 167 is divided by 28?
27
Calculate the remainder when 91 is divided by 18.
1
Calculate the remainder when 1720 is divided by 860.
0
What is the remainder when 404 is divided by 15?
14
What is the remainder when 715 is divided by 18?
13
What is the remainder when 431 is divided by 18?
17
Calculate the remainder when 6319 is divided by 49.
47
Calculate the remainder when 115 is divided by 13.
11
Calculate the remainder when 639 is divided by 37.
10
What is the remainder when 3363 is divided by 17?
14
Calculate the remainder when 93 is divided by 26.
15
What is the remainder when 139 is divided by 50?
39
Calculate the remainder when 228 is divided by 23.
21
Calculate the remainder when 1691 is divided by 113.
109
Calculate the remainder when 61 is divided by 32.
29
Calculate the remainder when 76 is divided by 17.
8
Calculate the remainder when 53 is divided by 33.
20
Calculate the remainder when 9 is divided by 3.
0
Calculate the remainder when 61 is divided by 34.
27
Calculate the remainder when 85 is divided by 32.
21
Calculate the remainder when 1538 is divided by 44.
42
What is the remainder when 100 is divided by 51?
49
What is the remainder when 409 is divided by 83?
77
What is the remainder when 335 is divided by 30?
5
Calculate the remainder when 6025 is divided by 31.
11
Calculate the remainder when 1958 is divided by 20.
18
Calculate the remainder when 1195 is divided by 559.
77
Calculate the remainder when 187 is divided by 88.
11
Calculate the remainder when 1135 is divided by 10.
5
What is the remainder when 203 is divided by 35?
28
Calculate the remainder when 226 is divided by 57.
55
Calculate the remai